and 64.
16
Suppose 5*r - 148 = r. Suppose -5*w - 5*d = -2*w - 239, d - 435 = -5*w. Let k = w - r. Calculate the greatest common divisor of 34 and k.
17
Suppose -p - 4*r - 5 = 0, -5*r = 4*p - 10*r - 85. Calculate the highest common divisor of p and 15.
15
Let j be 42/11 + (-4)/(-22). Calculate the highest common divisor of j and 3.
1
Let x = 23 - 18. Let t(v) = v**3 + 2*v - 3. Let d be t(3). What is the highest common divisor of x and d?
5
Let f(q) = 38*q. Let w be f(2). Suppose -w + 268 = 4*i. What is the highest common factor of 8 and i?
8
Suppose -n + 108 = n. What is the highest common divisor of 36 and n?
18
Let t(z) = z**2 - 16*z - 15. Let y be t(18). Let m(i) = -i + 7. Let q be m(0). Calculate the highest common divisor of q and y.
7
Suppose j - 40 = 4*j + g, -56 = 4*j + 4*g. Suppose 0 = 5*l - 2*w + 30, l + 0*w - 5*w = 17. Let s = l - j. Calculate the greatest common factor of 55 and s.
5
Let a be 255/9 + (-2)/6. Suppose 0 = -3*c + 3*z + 36, -z - 3 + 1 = 0. Suppose -5*p = c - 80. What is the greatest common divisor of p and a?
14
Let p be 5 - 1 - 14/(-2). What is the greatest common divisor of p and 77?
11
Let f(o) = 3*o. Let c be f(-1). Let y be (4 + -1)*(-2)/c. Suppose 3*d + y*j = -2*j + 178, -5*d = 3*j - 315. Calculate the highest common factor of d and 6.
6
Let m be (-2)/(6/(-621)) + (-6 - -4). What is the greatest common divisor of 82 and m?
41
Suppose 2*b + 76 = 6*b. Let q = b + 1. What is the highest common divisor of 180 and q?
20
Suppose 0 = -u + x + 3, 5 = 4*u - 2*x - 11. What is the highest common divisor of 20 and u?
5
Let y(v) = -3*v**3 - 2*v**2 + 14*v + 11. Let u be y(-5). Calculate the greatest common factor of 19 and u.
19
Suppose 3*l + o - 1 - 4 = 0, 4 = 4*l + 2*o. Let h be -1 + (l - -2) + -1. Suppose -2 = 2*t - 3*t. Calculate the greatest common divisor of t and h.
1
Let s be 3*(4/3)/2. Suppose -3*k + 3*x + s*x + 150 = 0, -3*x - 9 = 0. What is the highest common divisor of 5 and k?
5
Let n = -10 - -18. Let u be 1/2 - 286/(-4). Calculate the greatest common divisor of u and n.
8
Suppose -4*f = -16, 0 = -5*p - 0*p + 2*f + 382. Suppose 2 = 4*u - 10. Suppose 3*w - x = 68 + 7, u*w = 2*x + p. What is the greatest common divisor of w and 16?
8
Let u = 95 + -91. What is the greatest common factor of 32 and u?
4
Suppose -4*p + 5*l + 27 = 0, p - l - 47 = -3*p. Let y = -3 - -3. Suppose m - 16 - 10 = y. Calculate the greatest common factor of m and p.
13
Suppose 7*c = 3*c + 220. Calculate the greatest common divisor of c and 22.
11
Let r be (-6)/((-15)/6 + 1). Suppose -r*f = -4*b - 120, 2*f - b - 68 + 11 = 0. Calculate the highest common divisor of 18 and f.
9
Let y(x) = -x**2 + 10*x - 1. Let z be y(9). Suppose 4 = 2*c - 2. Let d be z + c/(-1) + -2. Calculate the highest common factor of d and 6.
3
Suppose 2*k = -4*o + 21 + 29, -3*o + 20 = -2*k. Suppose s + 3*i + 20 = 2*s, s = 4*i + 22. Suppose s + o = t. What is the highest common factor of t and 16?
8
Let m = 17 - -5. What is the greatest common divisor of m and 22?
22
Suppose -3*o + 4*o = 2, -4*n = -o - 10. Calculate the highest common divisor of 27 and n.
3
Suppose -s = 3*a + 18, -4*a - a = 2*s + 30. Let u(p) = p**2 + 4*p - 5. Let g be u(a). Calculate the highest common divisor of g and 28.
7
Let c(x) = -x**2 + 20. Let q be c(0). Suppose -5*b = -q - 0. Suppose -13 = -3*n - 0*n + k, -5*n - 4*k = -50. What is the greatest common factor of n and b?
2
Let m = -32 + 56. Calculate the highest common factor of m and 48.
24
Suppose -2*y = -5*f + 108, 2*y - 4*y + 92 = 5*f. What is the highest common divisor of f and 40?
20
Let r be ((-3)/(-6))/(3/(-12)). Let t be r/(-6) + (-24)/(-9). Calculate the greatest common divisor of t and 33.
3
Suppose 8 + 5 = j - p, 3*p = -5*j + 41. Let s be 1/((-3)/(-54)) - 3. Let m = s - j. What is the highest common divisor of 25 and m?
5
Suppose -3*l - 6 - 2 = -2*h, 0 = -3*h - l + 1. Let f(d) = 3*d + h - d**2 - 5 + 2*d**2. Let w be f(-7). What is the greatest common divisor of 12 and w?
12
Let j be (-8 + -1)/(0 + -1). Let r be (-2)/j + (-32)/18. Let v be r/((-3)/12*1). What is the highest common factor of 20 and v?
4
Suppose 5*u + 5*z = 35, 2*z = -u + 14 - 2. Suppose 5*v - u*v = -18. Let j = v - -50. Calculate the highest common divisor of 11 and j.
11
Suppose 3*z + 9 = 3*w, 2*w - 6 - 3 = 3*z. Suppose -3*p + w = -15. Suppose 172 = p*v + 4*l, v + 0*v - 3*l = 42. What is the highest common factor of v and 9?
9
Suppose 330 = 4*l + l. Let g be l/15 - (-4)/(-10). Let a(k) = 4*k - 4. Let x be a(g). What is the highest common factor of 72 and x?
12
Suppose 320 = -0*x + 4*x. What is the highest common divisor of 20 and x?
20
Let u be (-1)/(-4) + 25/(-4) + 7. Calculate the highest common divisor of 2 and u.
1
Let a = 141 - 76. Suppose 3*l + 23 = a. Suppose 2*m + 0*m - 308 = 0. What is the greatest common factor of m and l?
14
Suppose 0 = -4*f - 3*c - 1, 3*c = -f - c - 10. Suppose 0 = -4*x + 7 + 1. What is the highest common divisor of x and f?
2
Let t(v) = 3*v + 3. Let g be t(-2). Let b = 12 + g. Calculate the highest common divisor of b and 3.
3
Let p be 204/21 + (-8)/(-28). Let l be (-4)/(-14) - 1930/(-7). Let s = 386 - l. Calculate the highest common factor of p and s.
10
Suppose -9 - 271 = -10*y. Calculate the highest common factor of 56 and y.
28
Let c = 41 + -34. What is the highest common divisor of c and 14?
7
Let h be (6/(-5))/(((-49)/175)/7). Calculate the greatest common divisor of 6 and h.
6
Suppose -5*g = -2*g - 9. What is the highest common divisor of g and 15?
3
Let o be (-2)/(-3 - -1)*11. Let l be (-1)/((-3 - -1)/22). Calculate the highest common factor of o and l.
11
Suppose 2618 = 14*q + 3*q. Calculate the highest common factor of q and 14.
14
Suppose -47 = -5*c + 18. What is the highest common factor of 143 and c?
13
Let y(z) = 32*z + 20. Let q be y(1). Calculate the highest common divisor of 78 and q.
26
Let f = 7 - 4. Let t = f + 16. Suppose d = -t + 79. Calculate the highest common factor of d and 24.
12
Let t be (-12)/8*(-1 - 1). Suppose 5*x - 25 = -b + 105, -2*x + 3*b = -69. Calculate the greatest common factor of x and t.
3
Let c = 9 - -3. What is the greatest common divisor of 12 and c?
12
Suppose -4*h = 2*j - 18, 4*j + 2*h - 24 = -0*j. Suppose 0 = -2*f + 15 + 33. Suppose 4 = -q + f. What is the highest common divisor of q and j?
5
Suppose 7 = -2*p + 23. Calculate the greatest common factor of p and 8.
8
Let p(x) = -2 - x + 0 + 7. Let a be p(-5). Let z = -6 + 11. What is the greatest common divisor of z and a?
5
Suppose -a - 201 = -4*a. Suppose -5*l = -5*k - 75, 4*l = -2*k - k + a. Let w be l - (-3 + 2)*-2. Calculate the highest common factor of w and 70.
14
Let f = -19 + 5. Let d be 108/(-8)*f/3. What is the highest common divisor of d and 7?
7
Let w(q) = 5*q + 4. Let t be w(4). What is the highest common divisor of 120 and t?
24
Let v be (-1)/((-9)/(-6))*-12. Let r be 27/(-12)*v/3. Let t be ((-8)/r)/((-2)/(-3)). Calculate the highest common divisor of t and 22.
2
Let i(v) = v**3 - 4*v**2 + 2*v - 2. Let g be i(4). Calculate the greatest common divisor of 2 and g.
2
Let a(m) = 5*m**2 - 4*m + 6. Let i be a(3). What is the greatest common factor of i and 26?
13
Suppose m + 27 = -2*n + 144, 5*m - 578 = -3*n. Suppose 5*f = 4*d + 4*f - 83, 5*d = 5*f + m. What is the highest common divisor of 5 and d?
5
Let f = 1 - -43. Let x be 66/15 - (1 + (-3)/5). What is the highest common divisor of f and x?
4
Let l = 5 + -1. Suppose -7 = -4*k - r, -k + 5*k + l*r - 4 = 0. Calculate the highest common factor of k and 8.
2
Let u(s) = -s**3 + 8*s**2 - 6*s - 5. Let g be u(7). Suppose 2*a - 24 = -g*a. What is the greatest common factor of 66 and a?
6
Let v be 6/4 + 0 + 2/(-4). Suppose 5*u - 26 = -1. Let c = u + v. Calculate the highest common factor of 54 and c.
6
Let r(d) = 2*d**2 + 6*d + 3. Let x be r(-4). Calculate the greatest common factor of 99 and x.
11
Suppose -2 = -r + 17. Calculate the highest common factor of r and 76.
19
Let h(c) = c**3 + 20*c**2 - 24*c + 5. Let t be h(-21). What is the highest common factor of t and 17?
17
Let m = 24 - 15. What is the greatest common divisor of m and 117?
9
Let l be 3*1/3*21. Let b be ((-7)/l)/((-2)/(-42)). Let r(v) = -v**3 - 5*v**2 + 7*v - 1. Let y be r(b). Calculate the highest common divisor of y and 16.
16
L